 1426396 is divided by 2155.
1941
What is the remainder when 114960198 is divided by 22?
12
Calculate the remainder when 27481893 is divided by 125488.
21
What is the remainder when 997172499 is divided by 3027?
3024
What is the remainder when 11582512 is divided by 3860828?
28
Calculate the remainder when 1795027 is divided by 289.
48
Calculate the remainder when 30076596 is divided by 7940.
7816
Calculate the remainder when 2709145 is divided by 46709.
23
What is the remainder when 3427972 is divided by 820?
372
Calculate the remainder when 2853003 is divided by 91.
62
Calculate the remainder when 585920 is divided by 216.
128
What is the remainder when 375669 is divided by 125010?
639
Calculate the remainder when 351490 is divided by 351415.
75
Calculate the remainder when 285968 is divided by 462.
452
What is the remainder when 6650484 is divided by 2306?
2286
What is the remainder when 147483800 is divided by 878?
872
Calculate the remainder when 504621 is divided by 6887.
1870
Calculate the remainder when 173487 is divided by 51.
36
Calculate the remainder when 439754596 is divided by 39.
34
What is the remainder when 201646713 is divided by 531?
525
What is the remainder when 3610504 is divided by 7?
2
Calculate the remainder when 780723 is divided by 4817.
369
Calculate the remainder when 11043927 is divided by 244.
243
What is the remainder when 1572125 is divided by 12577?
0
What is the remainder when 142094 is divided by 47258?
320
What is the remainder when 2520541 is divided by 3878?
3719
Calculate the remainder when 467045 is divided by 77495.
2075
What is the remainder when 16179548 is divided by 50?
48
Calculate the remainder when 226948 is divided by 8315.
2443
Calculate the remainder when 12923105 is divided by 46.
3
Calculate the remainder when 277593 is divided by 69140.
1033
Calculate the remainder when 1454178 is divided by 7.
5
Calculate the remainder when 2483331 is divided by 64.
3
Calculate the remainder when 85747 is divided by 15.
7
What is the remainder when 69414083 is divided by 3394?
3389
What is the remainder when 588303 is divided by 53478?
45
What is the remainder when 32975468 is divided by 155?
148
Calculate the remainder when 75829499 is divided by 2050.
2049
What is the remainder when 881528 is divided by 440705?
118
What is the remainder when 180335 is divided by 911?
868
Calculate the remainder when 420526 is divided by 3068.
210
What is the remainder when 625968 is divided by 1794?
1656
Calculate the remainder when 988999 is divided by 406.
389
What is the remainder when 5423051 is divided by 37?
35
What is the remainder when 6327855 is divided by 389?
381
Calculate the remainder when 40009 is divided by 955.
854
What is the remainder when 45466 is divided by 297?
25
Calculate the remainder when 170659 is divided by 482.
31
Calculate the remainder when 657774803 is divided by 298.
297
What is the remainder when 40256133 is divided by 11375?
8
Calculate the remainder when 168098 is divided by 83382.
1334
Calculate the remainder when 522064 is divided by 192.
16
Calculate the remainder when 26580 is divided by 12965.
650
What is the remainder when 657789 is divided by 218415?
2544
Calculate the remainder when 2848306 is divided by 291.
289
Calculate the remainder when 509115 is divided by 39114.
633
What is the remainder when 12203 is divided by 868?
51
Calculate the remainder when 295112451 is divided by 59.
56
Calculate the remainder when 1771972 is divided by 45.
7
Calculate the remainder when 334549337 is divided by 410.
407
Calculate the remainder when 5632946 is divided by 331348.
30
Calculate the remainder when 2075 is divided by 776.
523
Calculate the remainder when 1769970 is divided by 1769964.
6
What is the remainder when 102736496 is divided by 20547298?
6
Calculate the remainder when 3623428 is divided by 301.
291
Calculate the remainder when 131203 is divided by 5013.
865
What is the remainder when 3687390 is divided by 8122?
2
Calculate the remainder when 69389 is divided by 69347.
42
Calculate the remainder when 235108835 is divided by 124.
123
What is the remainder when 811567 is divided by 563?
284
What is the remainder when 6085188 is divided by 553198?
10
Calculate the remainder when 14202 is divided by 675.
27
Calculate the remainder when 134077934 is divided by 1557.
1550
Calculate the remainder when 83392859 is divided by 16403.
7
Calculate the remainder when 10680 is divided by 1521.
33
Calculate the remainder when 84378634 is divided by 415.
4
Calculate the remainder when 4901301 is divided by 336.
69
Calculate the remainder when 2112253 is divided by 148.
145
What is the remainder when 23272 is divided by 1857?
988
Calculate the remainder when 3728873 is divided by 129.
128
What is the remainder when 17366519 is divided by 1440?
119
What is the remainder when 73521 is divided by 118?
7
What is the remainder when 1119263 is divided by 8294?
7867
What is the remainder when 1651669 is divided by 92?
85
What is the remainder when 10979559 is divided by 71?
48
What is the remainder when 110537107 is divided by 89?
86
Calculate the remainder when 5907800 is divided by 22.
8
Calculate the remainder when 108471 is divided by 821.
99
What is the remainder when 484003649 is divided by 15?
14
Calculate the remainder when 291516 is divided by 9350.
1666
What is the remainder when 78208 is divided by 255?
178
What is the remainder when 18139 is divided by 17?
0
What is the remainder when 29229793 is divided by 27?
25
What is the remainder when 14612 is divided by 2675?
1237
What is the remainder when 6758187 is divided by 985?
102
Calculate the remainder when 655741 is divided by 16016.
15101
What is the remainder when 12400090 is divided by 212?
210
Calculate the remainder when 10029376 is divided by 771489.
19
What is the remainder when 31186300 is divided by 1017?
1012
Calculate the remainder when 91346 is divided by 13046.
24
Calculate the remainder when 13370249 is divided by 75.
74
Calculate the remainder when 17523875 is divided by 24.
11
Calculate the remainder when 17828 is divided by 8909.
10
What is the remainder when 10287798 is divided by 275?
48
What is the remainder when 283967 is divided by 136385?
11197
What is the remainder when 42302559 is divided by 200486?
13
What is the remainder when 7755947 is divided by 3599?
102
What is the remainder when 93114 is divided by 46555?
4
What is the remainder when 121613 is divided by 20238?
185
Calculate the remainder when 5077379 is divided by 52344.
11
Calculate the remainder when 451367 is divided by 94.
73
Calculate the remainder when 11010590 is divided by 8.
6
What is the remainder when 1310510 is divided by 1119?
161
Calculate the remainder when 1781887 is divided by 1270.
77
What is the remainder when 317894 is divided by 2217?
863
What is the remainder when 1919422 is divided by 192?
190
What is the remainder when 1873998 is divided by 431?
10
What is the remainder when 963331 is divided by 81?
79
What is the remainder when 1950468 is divided by 2839?
75
What is the remainder when 655476 is divided by 655435?
41
What is the remainder when 124928 is divided by 13844?
332
Calculate the remainder when 10940957 is divided by 71.
70
Calculate the remainder when 61611 is divided by 2798.
55
Calculate the remainder when 42074 is divided by 9643.
3502
Calculate the remainder when 33216 is divided by 13877.
5462
What is the remainder when 17828457 is divided by 12817?
10
What is the remainder when 246443567 is divided by 168?
167
What is the remainder when 2104607 is divided by 87?
77
What is the remainder when 141279707 is divided by 13?
10
Calculate the remainder when 18749011 is divided by 265.
261
Calculate the remainder when 1504183 is divided by 24253.
497
Calculate the remainder when 6451703 is divided by 504.
503
Calculate the remainder when 3016927 is divided by 341.
100
Calculate the remainder when 518741 is divided by 259311.
119
Calculate the remainder when 50054646 is divided by 56.
54
Calculate the remainder when 79112 is divided by 1800.
1712
What is the remainder when 35695519 is divided by 1099?
1098
Calculate the remainder when 1304749 is divided by 262.
251
Calculate the remainder when 3129997 is divided by 1838